te the remainder when 3756828 is divided by 536.
4
Calculate the remainder when 381061 is divided by 380876.
185
What is the remainder when 9001557 is divided by 18?
9
Calculate the remainder when 11879159 is divided by 19.
17
What is the remainder when 13194 is divided by 2829?
1878
Calculate the remainder when 7775 is divided by 5350.
2425
Calculate the remainder when 3607805 is divided by 1794.
71
What is the remainder when 81165469 is divided by 393?
358
Calculate the remainder when 390542 is divided by 2472.
2438
Calculate the remainder when 185704 is divided by 61882.
58
Calculate the remainder when 854258 is divided by 142367.
56
What is the remainder when 1451958 is divided by 1451831?
127
Calculate the remainder when 1664703 is divided by 151332.
51
What is the remainder when 250607 is divided by 1692?
191
Calculate the remainder when 6497913 is divided by 788.
65
What is the remainder when 52770 is divided by 1151?
975
What is the remainder when 347372 is divided by 28879?
824
What is the remainder when 1023403 is divided by 170560?
43
What is the remainder when 337446 is divided by 893?
785
What is the remainder when 841096 is divided by 841065?
31
Calculate the remainder when 75367 is divided by 18384.
1831
What is the remainder when 1443848 is divided by 160425?
23
Calculate the remainder when 9990 is divided by 1862.
680
Calculate the remainder when 700437 is divided by 3537.
111
Calculate the remainder when 379920 is divided by 16462.
1294
Calculate the remainder when 6281655 is divided by 1742.
3
Calculate the remainder when 493478 is divided by 581.
209
What is the remainder when 72454 is divided by 7072?
1734
What is the remainder when 7715439 is divided by 175349?
83
Calculate the remainder when 1051162 is divided by 1943.
1942
Calculate the remainder when 214983 is divided by 235.
193
Calculate the remainder when 681454 is divided by 5451.
79
What is the remainder when 515998721 is divided by 2073?
2072
What is the remainder when 340444659 is divided by 361?
360
What is the remainder when 46536 is divided by 15401?
333
Calculate the remainder when 3571067 is divided by 1466.
1357
Calculate the remainder when 1265891 is divided by 2800.
291
What is the remainder when 4563897 is divided by 86111?
14
Calculate the remainder when 50461 is divided by 3676.
2673
Calculate the remainder when 5080812 is divided by 49327.
131
What is the remainder when 306072 is divided by 33452?
5004
What is the remainder when 2486295 is divided by 1099?
357
What is the remainder when 569476 is divided by 12378?
88
Calculate the remainder when 105827 is divided by 2248.
171
What is the remainder when 36357 is divided by 158?
17
Calculate the remainder when 35203289 is divided by 109.
104
Calculate the remainder when 11693 is divided by 5776.
141
Calculate the remainder when 10672662 is divided by 2715.
2712
Calculate the remainder when 39319 is divided by 3523.
566
What is the remainder when 59565299 is divided by 11488?
19
What is the remainder when 7961 is divided by 400?
361
Calculate the remainder when 3839507 is divided by 26119.
14
What is the remainder when 27012673 is divided by 6753166?
9
Calculate the remainder when 1291437 is divided by 420.
357
Calculate the remainder when 871927 is divided by 290608.
103
Calculate the remainder when 2874068 is divided by 114961.
43
What is the remainder when 551104 is divided by 27551?
84
Calculate the remainder when 292100 is divided by 145966.
168
Calculate the remainder when 5582113 is divided by 6244.
6221
Calculate the remainder when 2223668 is divided by 9111.
584
What is the remainder when 17028734 is divided by 5798?
8
Calculate the remainder when 54942 is divided by 13641.
378
Calculate the remainder when 1518126 is divided by 188.
26
What is the remainder when 76810 is divided by 2842?
76
Calculate the remainder when 18887061 is divided by 266.
263
What is the remainder when 28113 is divided by 4242?
2661
What is the remainder when 3031596 is divided by 4246?
4198
Calculate the remainder when 402773 is divided by 182.
7
What is the remainder when 478706 is divided by 239348?
10
Calculate the remainder when 2983547 is divided by 176.
171
Calculate the remainder when 2194059 is divided by 35388.
3
What is the remainder when 327220 is divided by 163552?
116
Calculate the remainder when 2037011 is divided by 226334.
5
Calculate the remainder when 682989 is divided by 341488.
13
What is the remainder when 2933656 is divided by 366707?
0
What is the remainder when 656138 is divided by 163745?
1158
What is the remainder when 2612192 is divided by 4648?
16
What is the remainder when 2083525 is divided by 138900?
25
Calculate the remainder when 466859 is divided by 5834.
139
What is the remainder when 23981843 is divided by 47?
46
Calculate the remainder when 900671 is divided by 739.
569
Calculate the remainder when 652029 is divided by 2288.
2237
What is the remainder when 358889 is divided by 7986?
7505
What is the remainder when 1106104 is divided by 36832?
1144
Calculate the remainder when 21246432 is divided by 27.
24
Calculate the remainder when 59360 is divided by 14392.
1792
Calculate the remainder when 46795532 is divided by 1019.
1014
Calculate the remainder when 536292 is divided by 134052.
84
What is the remainder when 841304 is divided by 420640?
24
Calculate the remainder when 202118 is divided by 76.
34
Calculate the remainder when 535680 is divided by 10.
0
Calculate the remainder when 8369450 is divided by 6043.
5938
Calculate the remainder when 242148 is divided by 48406.
118
Calculate the remainder when 40002536 is divided by 94.
84
What is the remainder when 692771 is divided by 12826?
167
What is the remainder when 5609593 is divided by 311629?
271
Calculate the remainder when 466177 is divided by 108.
49
What is the remainder when 2238067 is divided by 67?
66
What is the remainder when 382050 is divided by 3182?
210
What is the remainder when 362546 is divided by 4767?
254
What is the remainder when 6580673 is divided by 2368?
1
Calculate the remainder when 14253 is divided by 185.
8
Calculate the remainder when 1500958 is divided by 300178.
68
Calculate the remainder when 15327788 is divided by 216.
212
What is the remainder when 34170846 is divided by 8629?
6
Calculate the remainder when 107297 is divided by 21424.
177
Calculate the remainder when 257801 is divided by 346.
31
Calculate the remainder when 3146785 is divided by 597.
595
Calculate the remainder when 285769 is divided by 95256.
1
Calculate the remainder when 12063 is divided by 11673.
390
What is the remainder when 231229 is divided by 76879?
592
What is the remainder when 1721977 is divided by 9?
7
Calculate the remainder when 15638645 is divided by 89.
10
What is the remainder when 17248204 is divided by 242?
138
What is the remainder when 67238693 is divided by 782?
769
What is the remainder when 947218 is divided by 2964?
1702
What is the remainder when 126950536 is divided by 671?
20
Calculate the remainder when 3476942 is divided by 66.
62
What is the remainder when 164894842 is divided by 38?
36
What is the remainder when 2323215 is divided by 105?
90
What is the remainder when 140886 is divided by 219?
69
Calculate the remainder when 4483078 is divided by 73493.
5
What is the remainder when 184757 is divided by 36901?
252
What is the remainder when 5655332 is divided by 16204?
136
Calculate the remainder when 560174 is divided by 185.
179
What is the remainder when 1276026 is divided by 26041?
17
What is the remainder when 685240 is divided by 170372?
3752
Calculate the remainder when 2362588 is divided by 470.
368
What is the remainder when 4401 is divided by 171?
126
Calculate the remainder when 59249894 is divided by 68.
66
Calculate the remainder when 85495225 is divided by 27.
22
Calculate the remainder when 2458629 is divided by 1691.
1606
Calculate the remainder when 689118 is divided by 98386.
416
Calculate the remainder when 1394255 is divided by 1375.
5
Calculate the remainder when 32873086 is divided by 15038.
18
What is the remainder when 37597657 is divided by 15999?
7
Calculate the remainder when 493697 is divided by 910.
477
Calculate the remainder when 557582 is divided by 4923.
1283
C